 is the hundred millions digit of 922137396?
9
What is the thousands digit of 168702735?
2
What is the ten millions digit of 3432444460?
3
What is the hundred thousands digit of 206440157?
4
What is the hundreds digit of 250821955?
9
What is the tens digit of 63675496?
9
What is the millions digit of 313561789?
3
What is the tens digit of 161866393?
9
What is the billions digit of 1349345805?
1
What is the thousands digit of 3496215818?
5
What is the units digit of 672642181?
1
What is the hundred millions digit of 158051883?
1
What is the units digit of 159227716?
6
What is the units digit of 68791532?
2
What is the tens digit of 37461088?
8
What is the units digit of 322987750?
0
What is the thousands digit of 283915396?
5
What is the thousands digit of 20257666?
7
What is the hundred thousands digit of 212504987?
5
What is the ten thousands digit of 2106511281?
1
What is the millions digit of 759777017?
9
What is the thousands digit of 7107578347?
8
What is the billions digit of 1283717035?
1
What is the hundreds digit of 197460004?
0
What is the hundred millions digit of 121705037?
1
What is the tens digit of 157786666?
6
What is the ten thousands digit of 62615253?
1
What is the units digit of 400711285?
5
What is the units digit of 1023002650?
0
What is the millions digit of 153281474?
3
What is the millions digit of 2591150770?
1
What is the millions digit of 123874438?
3
What is the units digit of 16886349?
9
What is the hundreds digit of 23782516?
5
What is the hundred thousands digit of 5727496?
7
What is the hundreds digit of 85335790?
7
What is the thousands digit of 666776125?
6
What is the hundreds digit of 108902553?
5
What is the thousands digit of 22855185?
5
What is the ten millions digit of 170656717?
7
What is the hundred millions digit of 102324732?
1
What is the millions digit of 1426161791?
6
What is the units digit of 59784268?
8
What is the ten millions digit of 295071837?
9
What is the ten thousands digit of 3283706982?
0
What is the ten thousands digit of 1824017040?
1
What is the tens digit of 910706578?
7
What is the units digit of 1944162359?
9
What is the units digit of 23127701?
1
What is the thousands digit of 56125566?
5
What is the ten thousands digit of 186622?
8
What is the ten thousands digit of 145146333?
4
What is the hundreds digit of 842036202?
2
What is the units digit of 1301117018?
8
What is the units digit of 2397541?
1
What is the millions digit of 209809495?
9
What is the ten thousands digit of 1072122225?
2
What is the billions digit of 5565970910?
5
What is the hundred thousands digit of 150389368?
3
What is the hundred thousands digit of 61730677?
7
What is the ten millions digit of 322321253?
2
What is the units digit of 5157204799?
9
What is the hundred thousands digit of 756164711?
1
What is the thousands digit of 72556693?
6
What is the tens digit of 4550520436?
3
What is the units digit of 6024888129?
9
What is the hundred thousands digit of 2931101202?
1
What is the tens digit of 996682581?
8
What is the thousands digit of 648926779?
6
What is the ten millions digit of 5720147058?
2
What is the ten thousands digit of 225850538?
5
What is the hundred thousands digit of 8022679979?
6
What is the ten thousands digit of 398515815?
1
What is the hundreds digit of 14200953?
9
What is the units digit of 549062437?
7
What is the millions digit of 262963284?
2
What is the ten millions digit of 36027820?
3
What is the tens digit of 983188291?
9
What is the billions digit of 1700582375?
1
What is the ten thousands digit of 48027988?
2
What is the ten millions digit of 3227323374?
2
What is the millions digit of 4138380280?
8
What is the millions digit of 142307320?
2
What is the thousands digit of 29135852?
5
What is the thousands digit of 105716118?
6
What is the tens digit of 250175393?
9
What is the hundred thousands digit of 254247669?
2
What is the units digit of 18247691?
1
What is the ten thousands digit of 39403497?
0
What is the tens digit of 54933926?
2
What is the ten millions digit of 99091371?
9
What is the ten millions digit of 40628223?
4
What is the ten millions digit of 423147783?
2
What is the units digit of 714128483?
3
What is the hundreds digit of 8014654?
6
What is the millions digit of 5800662711?
0
What is the thousands digit of 39671789?
1
What is the millions digit of 169479477?
9
What is the hundred thousands digit of 4661422154?
4
What is the thousands digit of 60745384?
5
What is the ten thousands digit of 43158724?
5
What is the tens digit of 87679063?
6
What is the hundred thousands digit of 59586957?
5
What is the tens digit of 644771347?
4
What is the ten millions digit of 641842220?
4
What is the hundred millions digit of 6153104392?
1
What is the ten thousands digit of 289660585?
6
What is the hundreds digit of 5052450527?
5
What is the millions digit of 449020936?
9
What is the billions digit of 1011830348?
1
What is the units digit of 61892232?
2
What is the millions digit of 627886759?
7
What is the hundreds digit of 87873026?
0
What is the millions digit of 24238975?
4
What is the thousands digit of 39809157?
9
What is the hundred millions digit of 720163033?
7
What is the thousands digit of 307788302?
8
What is the ten millions digit of 89082803?
8
What is the thousands digit of 237510997?
0
What is the hundred millions digit of 7726425609?
7
What is the ten thousands digit of 93820731?
2
What is the thousands digit of 121180672?
0
What is the hundred thousands digit of 79888537?
8
What is the units digit of 84936605?
5
What is the millions digit of 1258426044?
8
What is the tens digit of 33162050?
5
What is the ten thousands digit of 84127361?
2
What is the ten millions digit of 691098924?
9
What is the thousands digit of 429064344?
4
What is the hundreds digit of 667293077?
0
What is the thousands digit of 133582372?
2
What is the ten millions digit of 134574674?
3
What is the hundred thousands digit of 592794347?
7
What is the hundreds digit of 49766951?
9
What is the thousands digit of 72036273?
6
What is the hundred thousands digit of 162425329?
4
What is the thousands digit of 840373051?
3
What is the tens digit of 2484732823?
2
What is the thousands digit of 4743349791?
9
What is the hundred millions digit of 523826607?
5
What is the ten thousands digit of 188070367?
7
What is the millions digit of 25581240?
5
What is the thousands digit of 3380182335?
2
What is the units digit of 2557516113?
3
What is the millions digit of 175546706?
5
What is the ten millions digit of 155159938?
5
What is the hundreds digit of 328984895?
8
What is the units digit of 4355965138?
8
What is the thousands digit of 403863956?
3
What is the hundreds digit of 2386694620?
6
What is the ten thousands digit of 228184906?
8
What is the ten millions digit of 119433462?
1
What is the hundreds digit of 14413549?
5
What is the ten thousands digit of 264109437?
0
What is the units digit of 33059555?
5
What is the hundred thousands digit of 138408315?
4
What is the millions digit of 101539708?
1
What is the units digit of 64266623?
3
What is the hundreds digit of 944565510?
5
What is the hundred millions digit of 159762709?
1
What is the ten millions digit of 211452053?
1
What is the ten millions digit of 441585108?
4
What is the ten millions digit of 1538128396?
3
What is the ten thousands digit of 3363283698?
8
What is the hundred thousands digit of 408569596?
5
What is the hundreds digit of 2215064580?
5
What is the tens digit of 212728426?
2
What is the tens digit of 1152299575?
7
What is the millions digit of 62072143?
2
What is the tens digit of 38819617?
1
What is the ten thousands digit of 113560979?
6
What is the ten millions digit of 1281607596?
8
What is the hundred millions digit of 511705537?
5
What is the thousands digit of 204684326?
4
What is the thousands digit of 104829859?
9
What is the ten thousands digit of 98696826?
9
What is the millions digit of 12416763?
2
What is the ten thousands digit of 355659997?
5
What is the hundred thousands digit of 55832708?
8
What is the ten millions digit of 88543536?
8
What is the hundred thousands digit of 1031202641?
2
What is the thousands digit of 662200741?
0
What is the hundred thousands digit of 282922639?
9
What is t